{"id":1436,"date":"2024-12-10T00:36:42","date_gmt":"2024-12-09T23:36:42","guid":{"rendered":"http:\/\/www.norgeat.fr\/?page_id=1436"},"modified":"2024-12-14T22:33:01","modified_gmt":"2024-12-14T21:33:01","slug":"association-de-sauvegarde","status":"publish","type":"page","link":"https:\/\/www.norgeat.fr\/index.php\/la-paroisse-de-norgeat\/association-de-sauvegarde\/","title":{"rendered":"Association de sauvegarde"},"content":{"rendered":"\n<h2 class=\"wp-block-heading\">Association de Sauvegarde de l\u2019Eglise St Hilaire de Norgeat<\/h2>\n\n\n\n<p>Cette association, de cr\u00e9ation toute r\u00e9cente, a fait l\u2019objet d\u2019une D\u00e9claration (N\u00b0147) \u00e0 la <a href=\"https:\/\/annuaire-entreprises.data.gouv.fr\/entreprise\/association-de-sauvegarde-de-l-eglise-saint-hilaire-de-norgeat-934310731\" target=\"_blank\" rel=\"noreferrer noopener\">pr\u00e9fecture de l\u2019Ari\u00e8ge en date du 7 Octobre 2024<\/a>, qui a \u00e9t\u00e9 publi\u00e9e au Journal Officiel (N\u00b042- 156e ann\u00e9e) le 15 Octobre 2024.<br>Elle a pour objectifs \u00ab\u00a0<em><strong>la protection et la restauration de l\u2019Eglise St Hilaire de Norgeat et du Patrimoine du village de Norgeat<\/strong><\/em>\u00ab\u00a0.<\/p>\n\n\n\n<p>L\u2019association est pr\u00e9sid\u00e9e par Val\u00e9rian Cass\u00e9 dont la famille maternelle, Gardes Labiche, est originaire de Norgeat (commune de Miglos).<br>Cette famille descend d\u2019un anc\u00eatre commun aux porteurs miglosiens de ce patronyme, Antoine Gardes, qui a donn\u00e9, entre autres, les lign\u00e9es ayant pour surnom : Lad\u00e8ne, Band\u00e8se, Pavillon, Larrat, Labanne\u2026<br>Antoine Gardes figure dans l\u2019hommage rendu par les habitants de Miglos au nouveau seigneur du lieu, Bernard de Goth, le 3 juin 1579.<br>Plus r\u00e9cemment, un sobriquet sera parfois attribu\u00e9 \u00e0 certains chefs de famille par leurs contemporains, qui l\u2019utilisaient de pr\u00e9f\u00e9rence au surnom pour d\u00e9signer les int\u00e9ress\u00e9s.<br>Pour les deux si\u00e8cles pr\u00e9c\u00e9dents on peut citer, par exemple :<br>Labiche, Bati, La Maison, Tanguet, Lamp\u00e8, Mantou, Le Ma\u00eftini\u00e8, Ziou, Eicheno, Ginou, Le Pradenc, Cabar\u00e8, Le Bon, Turgot, Le Russe, Carda\u00efre, Le Moulinhi\u00e8, Bernadou, Le Ranc, Pl\u00e8npl\u00e8n, Castirou, Ratou\u00e8, Le Galantou, Massou, La Biffo, Tussol, Rabot, etc\u2026<\/p>\n\n\n\n<p>Elle est enregistr\u00e9e au Journal Officiel des Association (JOAFE).<\/p>\n\n\n\n<ul class=\"wp-block-list\">\n<li><strong>ASSOCIATION DE SAUVEGARDE DE L&rsquo;EGLISE SAINT-HILAIRE DE NORGEAT<\/strong><\/li>\n\n\n\n<li>Si\u00e8ge social : Village de Norgeat, 430, route de Pijol, 09400 Miglos.<\/li>\n\n\n\n<li>Siren : 934 310 731<\/li>\n\n\n\n<li>N\u00b0RNA : W091005989<\/li>\n\n\n\n<li>Date d\u2019enregistrement : 15\/10\/2024<\/li>\n<\/ul>\n\n\n<div class=\"wp-block-image\">\n<figure class=\"aligncenter size-full is-resized\"><a href=\"https:\/\/www.norgeat.fr\/wp-content\/uploads\/2024\/12\/JOAFE_PDF_Unitaire_20240042_001471.pdf\" target=\"_blank\" rel=\" noreferrer noopener\"><img loading=\"lazy\" decoding=\"async\" width=\"316\" height=\"450\" src=\"https:\/\/www.norgeat.fr\/wp-content\/uploads\/2024\/12\/JO-assoc1.png\" alt=\"\" class=\"wp-image-1686\" style=\"width:200px\"\/><\/a><figcaption class=\"wp-element-caption\">JO association<\/figcaption><\/figure>\n<\/div>\n\n\n<div class=\"wp-block-file aligncenter\"><a id=\"wp-block-file--media-2273f93f-f4ab-4cc2-a926-47e3262da13b\" href=\"https:\/\/www.norgeat.fr\/wp-content\/uploads\/2024\/12\/JOAFE_PDF_Unitaire_20240042_001471.pdf\" target=\"_blank\" rel=\"noreferrer noopener\">JOAFE_PDF_Unitaire_20240042_00147[1]<\/a><a href=\"https:\/\/www.norgeat.fr\/wp-content\/uploads\/2024\/12\/JOAFE_PDF_Unitaire_20240042_001471.pdf\" class=\"wp-block-file__button wp-element-button\" download aria-describedby=\"wp-block-file--media-2273f93f-f4ab-4cc2-a926-47e3262da13b\">T\u00e9l\u00e9charger<\/a><\/div>\n\n\n\n<p class=\"has-text-align-right\">G. Lafuente \u2013 24 Octobre 2024<\/p>\n\n\n\n<p><\/p>\n","protected":false},"excerpt":{"rendered":"<p>Association de Sauvegarde de l\u2019Eglise St Hilaire de Norgeat Cette association, de cr\u00e9ation toute r\u00e9cente, a fait l\u2019objet d\u2019une D\u00e9claration (N\u00b0147) \u00e0 la pr\u00e9fecture de l\u2019Ari\u00e8ge en date du 7 &#8230;<\/p>\n","protected":false},"author":2,"featured_media":1972,"parent":1165,"menu_order":1,"comment_status":"closed","ping_status":"closed","template":"","meta":{"footnotes":""},"class_list":["post-1436","page","type-page","status-publish","has-post-thumbnail","hentry"],"yoast_head":"<!-- This site is optimized with the Yoast SEO plugin v24.0 - https:\/\/yoast.com\/wordpress\/plugins\/seo\/ -->\n<title>Association de sauvegarde - Norgeat<\/title>\n<meta name=\"robots\" content=\"index, follow, max-snippet:-1, max-image-preview:large, max-video-preview:-1\" \/>\n<link rel=\"canonical\" href=\"https:\/\/www.norgeat.fr\/index.php\/la-paroisse-de-norgeat\/association-de-sauvegarde\/\" \/>\n<meta property=\"og:locale\" content=\"fr_FR\" \/>\n<meta property=\"og:type\" content=\"article\" \/>\n<meta property=\"og:title\" content=\"Association de sauvegarde - Norgeat\" \/>\n<meta property=\"og:description\" content=\"Association de Sauvegarde de l\u2019Eglise St Hilaire de Norgeat Cette association, de cr\u00e9ation toute r\u00e9cente, a fait l\u2019objet d\u2019une D\u00e9claration (N\u00b0147) \u00e0 la pr\u00e9fecture de l\u2019Ari\u00e8ge en date du 7 ...\" \/>\n<meta property=\"og:url\" content=\"https:\/\/www.norgeat.fr\/index.php\/la-paroisse-de-norgeat\/association-de-sauvegarde\/\" \/>\n<meta property=\"og:site_name\" content=\"Norgeat\" \/>\n<meta property=\"article:modified_time\" content=\"2024-12-14T21:33:01+00:00\" \/>\n<meta property=\"og:image\" content=\"https:\/\/www.norgeat.fr\/wp-content\/uploads\/2024\/12\/avant-reseau-association.jpg\" \/>\n\t<meta property=\"og:image:width\" content=\"1000\" \/>\n\t<meta property=\"og:image:height\" content=\"522\" \/>\n\t<meta property=\"og:image:type\" content=\"image\/jpeg\" \/>\n<meta name=\"twitter:card\" content=\"summary_large_image\" \/>\n<meta name=\"twitter:label1\" content=\"Dur\u00e9e de lecture estim\u00e9e\" \/>\n\t<meta name=\"twitter:data1\" content=\"2 minutes\" \/>\n<script type=\"application\/ld+json\" class=\"yoast-schema-graph\">{\"@context\":\"https:\/\/schema.org\",\"@graph\":[{\"@type\":\"WebPage\",\"@id\":\"https:\/\/www.norgeat.fr\/index.php\/la-paroisse-de-norgeat\/association-de-sauvegarde\/\",\"url\":\"https:\/\/www.norgeat.fr\/index.php\/la-paroisse-de-norgeat\/association-de-sauvegarde\/\",\"name\":\"Association de sauvegarde - Norgeat\",\"isPartOf\":{\"@id\":\"https:\/\/www.norgeat.fr\/#website\"},\"primaryImageOfPage\":{\"@id\":\"https:\/\/www.norgeat.fr\/index.php\/la-paroisse-de-norgeat\/association-de-sauvegarde\/#primaryimage\"},\"image\":{\"@id\":\"https:\/\/www.norgeat.fr\/index.php\/la-paroisse-de-norgeat\/association-de-sauvegarde\/#primaryimage\"},\"thumbnailUrl\":\"https:\/\/www.norgeat.fr\/wp-content\/uploads\/2024\/12\/avant-reseau-association.jpg\",\"datePublished\":\"2024-12-09T23:36:42+00:00\",\"dateModified\":\"2024-12-14T21:33:01+00:00\",\"breadcrumb\":{\"@id\":\"https:\/\/www.norgeat.fr\/index.php\/la-paroisse-de-norgeat\/association-de-sauvegarde\/#breadcrumb\"},\"inLanguage\":\"fr-FR\",\"potentialAction\":[{\"@type\":\"ReadAction\",\"target\":[\"https:\/\/www.norgeat.fr\/index.php\/la-paroisse-de-norgeat\/association-de-sauvegarde\/\"]}]},{\"@type\":\"ImageObject\",\"inLanguage\":\"fr-FR\",\"@id\":\"https:\/\/www.norgeat.fr\/index.php\/la-paroisse-de-norgeat\/association-de-sauvegarde\/#primaryimage\",\"url\":\"https:\/\/www.norgeat.fr\/wp-content\/uploads\/2024\/12\/avant-reseau-association.jpg\",\"contentUrl\":\"https:\/\/www.norgeat.fr\/wp-content\/uploads\/2024\/12\/avant-reseau-association.jpg\",\"width\":1000,\"height\":522},{\"@type\":\"BreadcrumbList\",\"@id\":\"https:\/\/www.norgeat.fr\/index.php\/la-paroisse-de-norgeat\/association-de-sauvegarde\/#breadcrumb\",\"itemListElement\":[{\"@type\":\"ListItem\",\"position\":1,\"name\":\"Accueil\",\"item\":\"https:\/\/www.norgeat.fr\/\"},{\"@type\":\"ListItem\",\"position\":2,\"name\":\"La Paroisse\",\"item\":\"https:\/\/www.norgeat.fr\/index.php\/la-paroisse-de-norgeat\/\"},{\"@type\":\"ListItem\",\"position\":3,\"name\":\"Association de sauvegarde\"}]},{\"@type\":\"WebSite\",\"@id\":\"https:\/\/www.norgeat.fr\/#website\",\"url\":\"https:\/\/www.norgeat.fr\/\",\"name\":\"Norgeat\",\"description\":\"Norgeat, d&#039;hier et d&#039;aujourd&#039;hui...\",\"publisher\":{\"@id\":\"https:\/\/www.norgeat.fr\/#organization\"},\"potentialAction\":[{\"@type\":\"SearchAction\",\"target\":{\"@type\":\"EntryPoint\",\"urlTemplate\":\"https:\/\/www.norgeat.fr\/?s={search_term_string}\"},\"query-input\":{\"@type\":\"PropertyValueSpecification\",\"valueRequired\":true,\"valueName\":\"search_term_string\"}}],\"inLanguage\":\"fr-FR\"},{\"@type\":\"Organization\",\"@id\":\"https:\/\/www.norgeat.fr\/#organization\",\"name\":\"Le village de Norgeat en Ari\u00e8ge\",\"url\":\"https:\/\/www.norgeat.fr\/\",\"logo\":{\"@type\":\"ImageObject\",\"inLanguage\":\"fr-FR\",\"@id\":\"https:\/\/www.norgeat.fr\/#\/schema\/logo\/image\/\",\"url\":\"https:\/\/www.norgeat.fr\/wp-content\/uploads\/2024\/12\/logo-norgeat-v.png\",\"contentUrl\":\"https:\/\/www.norgeat.fr\/wp-content\/uploads\/2024\/12\/logo-norgeat-v.png\",\"width\":4306,\"height\":1521,\"caption\":\"Le village de Norgeat en Ari\u00e8ge\"},\"image\":{\"@id\":\"https:\/\/www.norgeat.fr\/#\/schema\/logo\/image\/\"}}]}<\/script>\n<!-- \/ Yoast SEO plugin. -->","yoast_head_json":{"title":"Association de sauvegarde - Norgeat","robots":{"index":"index","follow":"follow","max-snippet":"max-snippet:-1","max-image-preview":"max-image-preview:large","max-video-preview":"max-video-preview:-1"},"canonical":"https:\/\/www.norgeat.fr\/index.php\/la-paroisse-de-norgeat\/association-de-sauvegarde\/","og_locale":"fr_FR","og_type":"article","og_title":"Association de sauvegarde - Norgeat","og_description":"Association de Sauvegarde de l\u2019Eglise St Hilaire de Norgeat Cette association, de cr\u00e9ation toute r\u00e9cente, a fait l\u2019objet d\u2019une D\u00e9claration (N\u00b0147) \u00e0 la pr\u00e9fecture de l\u2019Ari\u00e8ge en date du 7 ...","og_url":"https:\/\/www.norgeat.fr\/index.php\/la-paroisse-de-norgeat\/association-de-sauvegarde\/","og_site_name":"Norgeat","article_modified_time":"2024-12-14T21:33:01+00:00","og_image":[{"width":1000,"height":522,"url":"https:\/\/www.norgeat.fr\/wp-content\/uploads\/2024\/12\/avant-reseau-association.jpg","type":"image\/jpeg"}],"twitter_card":"summary_large_image","twitter_misc":{"Dur\u00e9e de lecture estim\u00e9e":"2 minutes"},"schema":{"@context":"https:\/\/schema.org","@graph":[{"@type":"WebPage","@id":"https:\/\/www.norgeat.fr\/index.php\/la-paroisse-de-norgeat\/association-de-sauvegarde\/","url":"https:\/\/www.norgeat.fr\/index.php\/la-paroisse-de-norgeat\/association-de-sauvegarde\/","name":"Association de sauvegarde - Norgeat","isPartOf":{"@id":"https:\/\/www.norgeat.fr\/#website"},"primaryImageOfPage":{"@id":"https:\/\/www.norgeat.fr\/index.php\/la-paroisse-de-norgeat\/association-de-sauvegarde\/#primaryimage"},"image":{"@id":"https:\/\/www.norgeat.fr\/index.php\/la-paroisse-de-norgeat\/association-de-sauvegarde\/#primaryimage"},"thumbnailUrl":"https:\/\/www.norgeat.fr\/wp-content\/uploads\/2024\/12\/avant-reseau-association.jpg","datePublished":"2024-12-09T23:36:42+00:00","dateModified":"2024-12-14T21:33:01+00:00","breadcrumb":{"@id":"https:\/\/www.norgeat.fr\/index.php\/la-paroisse-de-norgeat\/association-de-sauvegarde\/#breadcrumb"},"inLanguage":"fr-FR","potentialAction":[{"@type":"ReadAction","target":["https:\/\/www.norgeat.fr\/index.php\/la-paroisse-de-norgeat\/association-de-sauvegarde\/"]}]},{"@type":"ImageObject","inLanguage":"fr-FR","@id":"https:\/\/www.norgeat.fr\/index.php\/la-paroisse-de-norgeat\/association-de-sauvegarde\/#primaryimage","url":"https:\/\/www.norgeat.fr\/wp-content\/uploads\/2024\/12\/avant-reseau-association.jpg","contentUrl":"https:\/\/www.norgeat.fr\/wp-content\/uploads\/2024\/12\/avant-reseau-association.jpg","width":1000,"height":522},{"@type":"BreadcrumbList","@id":"https:\/\/www.norgeat.fr\/index.php\/la-paroisse-de-norgeat\/association-de-sauvegarde\/#breadcrumb","itemListElement":[{"@type":"ListItem","position":1,"name":"Accueil","item":"https:\/\/www.norgeat.fr\/"},{"@type":"ListItem","position":2,"name":"La Paroisse","item":"https:\/\/www.norgeat.fr\/index.php\/la-paroisse-de-norgeat\/"},{"@type":"ListItem","position":3,"name":"Association de sauvegarde"}]},{"@type":"WebSite","@id":"https:\/\/www.norgeat.fr\/#website","url":"https:\/\/www.norgeat.fr\/","name":"Norgeat","description":"Norgeat, d&#039;hier et d&#039;aujourd&#039;hui...","publisher":{"@id":"https:\/\/www.norgeat.fr\/#organization"},"potentialAction":[{"@type":"SearchAction","target":{"@type":"EntryPoint","urlTemplate":"https:\/\/www.norgeat.fr\/?s={search_term_string}"},"query-input":{"@type":"PropertyValueSpecification","valueRequired":true,"valueName":"search_term_string"}}],"inLanguage":"fr-FR"},{"@type":"Organization","@id":"https:\/\/www.norgeat.fr\/#organization","name":"Le village de Norgeat en Ari\u00e8ge","url":"https:\/\/www.norgeat.fr\/","logo":{"@type":"ImageObject","inLanguage":"fr-FR","@id":"https:\/\/www.norgeat.fr\/#\/schema\/logo\/image\/","url":"https:\/\/www.norgeat.fr\/wp-content\/uploads\/2024\/12\/logo-norgeat-v.png","contentUrl":"https:\/\/www.norgeat.fr\/wp-content\/uploads\/2024\/12\/logo-norgeat-v.png","width":4306,"height":1521,"caption":"Le village de Norgeat en Ari\u00e8ge"},"image":{"@id":"https:\/\/www.norgeat.fr\/#\/schema\/logo\/image\/"}}]}},"rttpg_featured_image_url":{"full":["https:\/\/www.norgeat.fr\/wp-content\/uploads\/2024\/12\/avant-reseau-association.jpg",1000,522,false],"landscape":["https:\/\/www.norgeat.fr\/wp-content\/uploads\/2024\/12\/avant-reseau-association.jpg",1000,522,false],"portraits":["https:\/\/www.norgeat.fr\/wp-content\/uploads\/2024\/12\/avant-reseau-association.jpg",1000,522,false],"thumbnail":["https:\/\/www.norgeat.fr\/wp-content\/uploads\/2024\/12\/avant-reseau-association-150x150.jpg",150,150,true],"medium":["https:\/\/www.norgeat.fr\/wp-content\/uploads\/2024\/12\/avant-reseau-association-300x157.jpg",300,157,true],"large":["https:\/\/www.norgeat.fr\/wp-content\/uploads\/2024\/12\/avant-reseau-association.jpg",800,418,false],"1536x1536":["https:\/\/www.norgeat.fr\/wp-content\/uploads\/2024\/12\/avant-reseau-association.jpg",1000,522,false],"2048x2048":["https:\/\/www.norgeat.fr\/wp-content\/uploads\/2024\/12\/avant-reseau-association.jpg",1000,522,false],"onepress-blog-small":["https:\/\/www.norgeat.fr\/wp-content\/uploads\/2024\/12\/avant-reseau-association-300x150.jpg",300,150,true],"onepress-small":["https:\/\/www.norgeat.fr\/wp-content\/uploads\/2024\/12\/avant-reseau-association-480x300.jpg",480,300,true],"onepress-medium":["https:\/\/www.norgeat.fr\/wp-content\/uploads\/2024\/12\/avant-reseau-association-640x400.jpg",640,400,true]},"rttpg_author":{"display_name":"norgeat","author_link":"https:\/\/www.norgeat.fr\/index.php\/author\/norgeat\/"},"rttpg_comment":0,"rttpg_category":null,"rttpg_excerpt":"Association de Sauvegarde de l\u2019Eglise St Hilaire de Norgeat Cette association, de cr\u00e9ation toute r\u00e9cente, a fait l\u2019objet d\u2019une D\u00e9claration (N\u00b0147) \u00e0 la pr\u00e9fecture de l\u2019Ari\u00e8ge en date du 7 ...","_links":{"self":[{"href":"https:\/\/www.norgeat.fr\/index.php\/wp-json\/wp\/v2\/pages\/1436","targetHints":{"allow":["GET"]}}],"collection":[{"href":"https:\/\/www.norgeat.fr\/index.php\/wp-json\/wp\/v2\/pages"}],"about":[{"href":"https:\/\/www.norgeat.fr\/index.php\/wp-json\/wp\/v2\/types\/page"}],"author":[{"embeddable":true,"href":"https:\/\/www.norgeat.fr\/index.php\/wp-json\/wp\/v2\/users\/2"}],"replies":[{"embeddable":true,"href":"https:\/\/www.norgeat.fr\/index.php\/wp-json\/wp\/v2\/comments?post=1436"}],"version-history":[{"count":5,"href":"https:\/\/www.norgeat.fr\/index.php\/wp-json\/wp\/v2\/pages\/1436\/revisions"}],"predecessor-version":[{"id":2370,"href":"https:\/\/www.norgeat.fr\/index.php\/wp-json\/wp\/v2\/pages\/1436\/revisions\/2370"}],"up":[{"embeddable":true,"href":"https:\/\/www.norgeat.fr\/index.php\/wp-json\/wp\/v2\/pages\/1165"}],"wp:featuredmedia":[{"embeddable":true,"href":"https:\/\/www.norgeat.fr\/index.php\/wp-json\/wp\/v2\/media\/1972"}],"wp:attachment":[{"href":"https:\/\/www.norgeat.fr\/index.php\/wp-json\/wp\/v2\/media?parent=1436"}],"curies":[{"name":"wp","href":"https:\/\/api.w.org\/{rel}","templated":true}]}}