{"id":637,"date":"2024-12-06T21:22:23","date_gmt":"2024-12-06T20:22:23","guid":{"rendered":"http:\/\/www.norgeat.fr\/?page_id=637"},"modified":"2025-03-13T08:56:17","modified_gmt":"2025-03-13T07:56:17","slug":"les-noms-des-lieux-oublies","status":"publish","type":"page","link":"https:\/\/www.norgeat.fr\/index.php\/divers-sujets-sur-norgeat\/les-noms-des-lieux-oublies\/","title":{"rendered":"Les noms de lieux oubli\u00e9s"},"content":{"rendered":"\n<h2 class=\"wp-block-heading\">Les noms de lieux oubli\u00e9s<\/h2>\n\n\n\n<p>Jadis, il y a plus de 50 ans, la vie des habitants de Norgeat s\u2019organisait en fonction des saisons. Elle \u00e9tait essentiellement rythm\u00e9e par les travaux des champs, et l\u2019\u00e9levage du b\u00e9tail. \u00c9galement, chaque famille engraissait un cochon et \u00e9levait des volailles et des lapins.<br>Il \u00e9tait donc vital de cultiver un maximum de terres, y compris les plus \u00e9loign\u00e9es du village, comme celles jouxtant la for\u00eat, voire les sommets de la montagne.<br>Du village, et aussi loin que portait le regard, on apercevait alentour de vastes zones de pr\u00e9s et champs cultiv\u00e9s, l\u00e0 o\u00f9 de nos jours l\u2019on ne voit plus que bois, friches et broussailles.<\/p>\n\n\n\n<p>Les terres cultivables \u00e9taient encore tr\u00e8s morcel\u00e9es en ce temps-l\u00e0, et chaque famille poss\u00e9dait des parcelles un peu partout, diss\u00e9min\u00e9es sur l\u2019ensemble du territoire du village. Chacune portait un nom qui permettait de les situer pr\u00e9cis\u00e9ment.<br>Ainsi, allait-on \u00ab\u00a0faire l\u2019herbe\u00a0\u00bb au Gas\u00e8lh, ramasser les patates \u00e0 Tres Aigos, labourer \u00e0 Gauson, semer une rang\u00e9e de petits pois au Pradalas, abattre un fr\u00eane au Camp del Plhot, moissonner \u00e0 Baich\u00e8, passer la herse \u00e0 La Cirareto, charrier du fumier \u00e0 Lamartino, etc\u2026<\/p>\n\n\n\n<p>Ces noms, pourtant connus de tous, ne figuraient que rarement sur les plans cadastraux (1834 et 1953) de Miglos, qui ne r\u00e9pertorient, par souci de simplification, que de trop grands secteurs. De nos jours, et on ne peut que le d\u00e9plorer, ils ont quasiment disparu de la m\u00e9moire collective.<br>Quant \u00e0 ceux repris sur le cadastre de la commune, ils ont \u00e9t\u00e9 francis\u00e9s (avec plus ou moins de bonheur) par les cartographes du XIXe si\u00e8cle, qui ignoraient pratiquement tout du parler local.<br>Demandez donc aujourd\u2019hui \u00e0 quelqu\u2019un du village de vous accompagner jusqu\u2019\u00e0 ces endroits, dont les noms chantent dans la langue de nos a\u00efeux. Rares sont ceux qui sauront vous y conduire.<\/p>\n\n\n\n<p>En partant de ce constat, nous avons souhait\u00e9, avec Christian Pujol, faire revivre tous ces endroits qui ont souvent vu nos anc\u00eatres \u00e0 la peine, courb\u00e9s sur cette terre trop chiche dont ils tiraient juste de quoi faire vivre leur famille.<br>Notre d\u00e9marche s\u2019inscrit \u00e9galement dans le cadre de la sauvegarde du patrimoine toponymique de cette vall\u00e9e.<br>Tous ces noms de lieux sont intimement li\u00e9s \u00e0 l\u2019Histoire de Miglos et il serait dommageable qu\u2019ils disparaissent \u00e0 jamais. A l\u2019origine, ils n\u2019avaient pas \u00e9t\u00e9 donn\u00e9s au hasard et chacun avait une signification bien pr\u00e9cise. Ces appellations se sont transmises oralement, de g\u00e9n\u00e9ration en g\u00e9n\u00e9ration, et dans la seule langue que l\u2019on parlait ici, le patois. Aussi, la traduction, par des personnes non initi\u00e9es au parler local, a parfois donn\u00e9 des bizarreries que l\u2019on retrouve sur les cartes de l\u2019IGN, le cadastre ou les actes notari\u00e9s.<\/p>\n\n\n\n<p>Pour illustrer mon propos, je tiens \u00e0 faire une petite digression en \u00e9voquant le lieu-dit \u00ab\u00a0Vingt-Neuf\u00a0\u00bb, pr\u00e8s de Baychon, sur la commune de Miglos, que les anciens nommaient \u00ab\u00a0Bintonau\u00a0\u00bb (prononcer Bintonaou), en patois.<br>Il s\u2018agit d\u2019un petit plateau, \u00e0 780m d\u2019altitude, qui domine le hameau de Baychon. L\u2019endroit est aujourd\u2019hui envahi par des arbres (ch\u00eanes essentiellement) et des broussailles, ce qui ne devait pas \u00eatre le cas \u00e0 une \u00e9poque lointaine. On n\u2019y trouve de particulier qu\u2019une \u00ab\u00a0borde\u00a0\u00bb en ruine, ainsi qu\u2019une roche, de la hauteur d\u2019un homme, en haut de laquelle est fich\u00e9e une petite croix en fer. De facture r\u00e9cente, cette derni\u00e8re a \u00e9t\u00e9 scell\u00e9e, l&rsquo;\u00e9t\u00e9 1995, par Robert Carbonne (de Baychon) et son petit-fils Hugues, pour remplacer une ancienne croix, d\u00e9rob\u00e9e une vingtaine d&rsquo;ann\u00e9es auparavant.<br>Mais alors, quel rapport avec \u00ab\u00a0Vingt-Neuf\u00a0\u00bb ?\u2026 Aucun \u00e9videmment.<br>Par contre, si l\u2019on analyse plus en d\u00e9tail l\u2019appellation ancienne, \u00ab\u00a0Bintonau\u00a0\u00bb, et \u00e0 la condition de ma\u00eetriser suffisamment le patois de cette vall\u00e9e, on peut parvenir \u00e0 une tout autre conclusion.<br>En fait, Bintonau a \u00e9t\u00e9 traduit litt\u00e9ralement, sans chercher plus avant. Bint veut dire Vingt et Nau (prononcer Naou) signifie Neuf. D\u2019o\u00f9 Vingt-Neuf.<br>Or, il semble probable, sinon quasi certain, que les premiers cartographes ont mal compris la prononciation du nom de ce lieu-dit, qui, de par sa situation, \u00e9tait particuli\u00e8rement expos\u00e9 au vent (Bent) et \u00e0 la neige (N\u00e8u ; prononcer N\u00e8ou).<br>A mon avis, il s\u2019agirait alors de \u00ab\u00a0Vent et Neige\u00a0\u00bb (\u00ab\u00a0Bent e N\u00e8u\u00a0\u00bb), soit : \u00ab\u00a0Benten\u00e8u\u00a0\u00bb, dont la tonalit\u00e9 est tr\u00e8s proche de celle de Bintonau, pour peu que la fa\u00e7on d\u2019accentuer ce vocable ne soit pas des plus rigoureuses.<br>Cette hypoth\u00e8se me para\u00eet beaucoup plus convaincante, sauf d\u00e9monstration contraire que l\u2019on pourrait m\u2019opposer.<\/p>\n\n\n\n<p>Dans le m\u00eame ordre d\u2019id\u00e9e, on notera qu\u2019un toponyme particuli\u00e8rement controvers\u00e9 existe \u00e9galement \u00e0 Norgeat.<br>Il s\u2019agit du Col de La L\u00e9no (sur la carte de l\u2019IGN) ou de La L\u00e9nou (sur le cadastre). Louis Pujol et Louis Delpla (historien local et ancien instituteur de Gesti\u00e8s) ont fort bien expliqu\u00e9 l\u2019origine du nom.<br>En r\u00e9alit\u00e9, on devrait dire de La Lhenho, qui signifie \u00ab\u00a0le bois\u00a0\u00bb (de chauffage). Au temps des seigneurs de Miglos, c\u2019est dans ce secteur que les habitants de la vall\u00e9e avaient le droit de couper le bois destin\u00e9 \u00e0 \u00eatre br\u00fbl\u00e9 dans l\u2019\u00e2tre. (Cf. Site Norgeat &#8211; Page \u00ab\u00a0Toponymie : Notes de L. Delpla\u00a0\u00bb &#8211; Rubrique \u00ab\u00a0Divers\u00a0\u00bb).<\/p>\n\n\n\n<p>Mais revenons \u00e0 notre sujet.<\/p>\n\n\n\n<p>A partir du d\u00e9but des ann\u00e9es 1980, avec Christian Pujol (et sans nous \u00eatre concert\u00e9s au pr\u00e9alable), nous avons commenc\u00e9 \u00e0 recueillir un maximum d\u2019informations toponymiques aupr\u00e8s des Anciens du village : notre grand-m\u00e8re Madeleine, Marcel Pujol, Pierre Pujol (p\u00e8re de Christian et mon oncle, dont la connaissance dans ce domaine \u00e9tait reconnue de tous), ou Fran\u00e7ois Salvaing et Henri Pujol. Parall\u00e8lement, nous avons \u00e9tudi\u00e9 les cadastres, plans et documents divers conserv\u00e9s \u00e0 la mairie de Miglos et aux Archives D\u00e9partementales de l\u2019Ari\u00e8ge.<br>R\u00e9cemment, nous avons d\u00e9cid\u00e9 de mettre tous ces renseignements en commun, et de dresser une carte du secteur de Norgeat portant tous les noms de lieux, apr\u00e8s les avoir r\u00e9pertori\u00e9s.<\/p>\n\n\n\n<p>Christian Pujol a fait le plus gros du travail (mais surtout le plus ingrat) en dessinant les 17 plans, au format A4, n\u00e9cessaires \u00e0 la r\u00e9alisation de la carte globale.<\/p>\n\n\n\n<p>Pour orthographier au mieux tous ces noms, nous nous sommes appuy\u00e9s principalement sur le \u00ab\u00a0Parla de Nourjat\u00a0\u00bb de Louis Pujol (n\u00e9 \u00e0 Norgeat en 1903). L\u2019int\u00e9ress\u00e9 a relat\u00e9, dans la langue de nos anc\u00eatres, la vie \u00e0 Miglos au d\u00e9but du XXe si\u00e8cle, au travers de quatre ouvrages publi\u00e9s entre 1966 et 1980 : Fialutos e Fiutarols, Countes de las Agals, Miclos &#8211; A las Auri\u00e8ros del tems Bi\u00e8lh, Les Janirets.<br>Les puristes y trouveront certainement quelques anomalies, mais Louis Pujol a eu le grand m\u00e9rite de codifier ce patois. Et lorsqu\u2019on a la chance de savoir lire ses r\u00e9cits \u00e0 haute voix, on croit entendre mais aussi comprendre parfaitement le parler de nos grands-parents.<\/p>\n\n\n\n<p>En conclusion, nous pensons avoir recens\u00e9 la plupart des noms que nos lointains a\u00efeux avaient attribu\u00e9s aux terres de Norgeat. Soit 189 noms au total, dont 84 (rep\u00e9r\u00e9s par \u00ab\u00a0PSC\u00a0\u00bb dans la derni\u00e8re colonne du Listing des Noms de Lieux) qui ne figurent pas sur les documents officiels actuels et \u00e9taient vou\u00e9s \u00e0 dispara\u00eetre. Ce faisant, nous esp\u00e9rons que notre initiative les aura sauv\u00e9s d\u2019un oubli d\u00e9finitif.<\/p>\n\n\n\n<p>Afin de pouvoir localiser ais\u00e9ment tous ces toponymes, nous les avons implant\u00e9s sur une carte du secteur g\u00e9ographique du village. Ils sont \u00e9galement repris sur un listing alphab\u00e9tique et chacun est associ\u00e9 \u00e0 des coordonn\u00e9es (la lettre V est affect\u00e9e au Village de Norgeat proprement dit) permettant de les situer sur le plan de Christian Pujol. Par ailleurs, les noms figurant sur le cadastre actuel de la commune de Miglos ont \u00e9t\u00e9 transcrits tels quels, pour tenir compte de la terminologie officielle, dans une colonne sp\u00e9cifique.<\/p>\n\n\n\n<p>Ci- apr\u00e8s :<\/p>\n\n\n\n<ul class=\"wp-block-list\">\n<li><a href=\"https:\/\/www.norgeat.fr\/wp-content\/uploads\/2024\/12\/Plan-Norgeat-Village.pdf\" target=\"_blank\" rel=\"noreferrer noopener\">Plan du Village de Norgeat<\/a><\/li>\n\n\n\n<li><a href=\"https:\/\/www.norgeat.fr\/wp-content\/uploads\/2024\/12\/Plan-Secteur-Norgeat.pdf\" target=\"_blank\" rel=\"noreferrer noopener\">Plan du secteur g\u00e9ographique de Norgeat<\/a><\/li>\n\n\n\n<li><a href=\"https:\/\/www.norgeat.fr\/wp-content\/uploads\/2024\/12\/Listing-Noms-Lieux-Secteur-Norgeat.pdf\" target=\"_blank\" rel=\"noreferrer noopener\">Listing alphab\u00e9tique des Noms de Lieux<\/a><\/li>\n<\/ul>\n\n\n\n<p><\/p>\n\n\n\n<figure class=\"wp-block-gallery has-nested-images columns-default is-cropped wp-block-gallery-1 is-layout-flex wp-block-gallery-is-layout-flex\">\n<figure class=\"wp-block-image size-large\"><a href=\"https:\/\/www.norgeat.fr\/wp-content\/uploads\/2024\/12\/Plan-Norgeat-Village.pdf\" target=\"_blank\" rel=\" noreferrer noopener\"><img loading=\"lazy\" decoding=\"async\" width=\"298\" height=\"400\" data-id=\"642\" src=\"https:\/\/www.norgeat.fr\/wp-content\/uploads\/2024\/12\/vilage1.jpg\" alt=\"\" class=\"wp-image-642\"\/><\/a><figcaption class=\"wp-element-caption\">Plan du Village de Norgeat<\/figcaption><\/figure>\n\n\n\n<figure class=\"wp-block-image size-large\"><a href=\"https:\/\/www.norgeat.fr\/wp-content\/uploads\/2024\/12\/Plan-Secteur-Norgeat.pdf\" target=\"_blank\" rel=\" noreferrer noopener\"><img loading=\"lazy\" decoding=\"async\" width=\"298\" height=\"400\" data-id=\"643\" src=\"https:\/\/www.norgeat.fr\/wp-content\/uploads\/2024\/12\/secteur1.jpg\" alt=\"\" class=\"wp-image-643\"\/><\/a><figcaption class=\"wp-element-caption\">Plan du secteur g\u00e9ographique de Norgeat<\/figcaption><\/figure>\n\n\n\n<figure class=\"wp-block-image size-large\"><a href=\"https:\/\/www.norgeat.fr\/wp-content\/uploads\/2024\/12\/Listing-Noms-Lieux-Secteur-Norgeat.pdf\" target=\"_blank\" rel=\" noreferrer noopener\"><img loading=\"lazy\" decoding=\"async\" width=\"298\" height=\"400\" data-id=\"644\" src=\"https:\/\/www.norgeat.fr\/wp-content\/uploads\/2024\/12\/liste1.jpg\" alt=\"\" class=\"wp-image-644\"\/><\/a><figcaption class=\"wp-element-caption\">Listing alphab\u00e9tique des Noms de Lieux<\/figcaption><\/figure>\n<\/figure>\n\n\n\n<p><\/p>\n\n\n\n<p><em>Merci \u00e0 Fran\u00e7ois Gardes, L\u00e9a Faur\u00e9 et Ren\u00e9 Gardes, qui nous ont aid\u00e9s \u00e0 bien situer certains lieux. Merci \u00e9galement \u00e0 Jo\u00ebl Gardes de son aide pour la r\u00e9alisation technique du document annexe principal.<\/em><\/p>\n","protected":false},"excerpt":{"rendered":"<p>Les noms de lieux oubli\u00e9s Jadis, il y a plus de 50 ans, la vie des habitants de Norgeat s\u2019organisait en fonction des saisons. Elle \u00e9tait essentiellement rythm\u00e9e par les &#8230;<\/p>\n","protected":false},"author":2,"featured_media":654,"parent":410,"menu_order":7,"comment_status":"closed","ping_status":"closed","template":"","meta":{"footnotes":""},"class_list":["post-637","page","type-page","status-publish","has-post-thumbnail","hentry"],"yoast_head":"<!-- This site is optimized with the Yoast SEO plugin v24.0 - https:\/\/yoast.com\/wordpress\/plugins\/seo\/ -->\n<title>Les noms de lieux oubli\u00e9s - Norgeat<\/title>\n<meta name=\"robots\" content=\"index, follow, max-snippet:-1, max-image-preview:large, max-video-preview:-1\" \/>\n<link rel=\"canonical\" href=\"https:\/\/www.norgeat.fr\/index.php\/divers-sujets-sur-norgeat\/les-noms-des-lieux-oublies\/\" \/>\n<meta property=\"og:locale\" content=\"fr_FR\" \/>\n<meta property=\"og:type\" content=\"article\" \/>\n<meta property=\"og:title\" content=\"Les noms de lieux oubli\u00e9s - Norgeat\" \/>\n<meta property=\"og:description\" content=\"Les noms de lieux oubli\u00e9s Jadis, il y a plus de 50 ans, la vie des habitants de Norgeat s\u2019organisait en fonction des saisons. Elle \u00e9tait essentiellement rythm\u00e9e par les ...\" \/>\n<meta property=\"og:url\" content=\"https:\/\/www.norgeat.fr\/index.php\/divers-sujets-sur-norgeat\/les-noms-des-lieux-oublies\/\" \/>\n<meta property=\"og:site_name\" content=\"Norgeat\" \/>\n<meta property=\"article:modified_time\" content=\"2025-03-13T07:56:17+00:00\" \/>\n<meta property=\"og:image\" content=\"https:\/\/www.norgeat.fr\/wp-content\/uploads\/2024\/12\/avant-reseau-noms.jpg\" \/>\n\t<meta property=\"og:image:width\" content=\"1000\" \/>\n\t<meta property=\"og:image:height\" content=\"522\" \/>\n\t<meta property=\"og:image:type\" content=\"image\/jpeg\" \/>\n<meta name=\"twitter:card\" content=\"summary_large_image\" \/>\n<meta name=\"twitter:label1\" content=\"Dur\u00e9e de lecture estim\u00e9e\" \/>\n\t<meta name=\"twitter:data1\" content=\"8 minutes\" \/>\n<script type=\"application\/ld+json\" class=\"yoast-schema-graph\">{\"@context\":\"https:\/\/schema.org\",\"@graph\":[{\"@type\":\"WebPage\",\"@id\":\"https:\/\/www.norgeat.fr\/index.php\/divers-sujets-sur-norgeat\/les-noms-des-lieux-oublies\/\",\"url\":\"https:\/\/www.norgeat.fr\/index.php\/divers-sujets-sur-norgeat\/les-noms-des-lieux-oublies\/\",\"name\":\"Les noms de lieux oubli\u00e9s - Norgeat\",\"isPartOf\":{\"@id\":\"https:\/\/www.norgeat.fr\/#website\"},\"primaryImageOfPage\":{\"@id\":\"https:\/\/www.norgeat.fr\/index.php\/divers-sujets-sur-norgeat\/les-noms-des-lieux-oublies\/#primaryimage\"},\"image\":{\"@id\":\"https:\/\/www.norgeat.fr\/index.php\/divers-sujets-sur-norgeat\/les-noms-des-lieux-oublies\/#primaryimage\"},\"thumbnailUrl\":\"https:\/\/www.norgeat.fr\/wp-content\/uploads\/2024\/12\/avant-reseau-noms.jpg\",\"datePublished\":\"2024-12-06T20:22:23+00:00\",\"dateModified\":\"2025-03-13T07:56:17+00:00\",\"breadcrumb\":{\"@id\":\"https:\/\/www.norgeat.fr\/index.php\/divers-sujets-sur-norgeat\/les-noms-des-lieux-oublies\/#breadcrumb\"},\"inLanguage\":\"fr-FR\",\"potentialAction\":[{\"@type\":\"ReadAction\",\"target\":[\"https:\/\/www.norgeat.fr\/index.php\/divers-sujets-sur-norgeat\/les-noms-des-lieux-oublies\/\"]}]},{\"@type\":\"ImageObject\",\"inLanguage\":\"fr-FR\",\"@id\":\"https:\/\/www.norgeat.fr\/index.php\/divers-sujets-sur-norgeat\/les-noms-des-lieux-oublies\/#primaryimage\",\"url\":\"https:\/\/www.norgeat.fr\/wp-content\/uploads\/2024\/12\/avant-reseau-noms.jpg\",\"contentUrl\":\"https:\/\/www.norgeat.fr\/wp-content\/uploads\/2024\/12\/avant-reseau-noms.jpg\",\"width\":1000,\"height\":522},{\"@type\":\"BreadcrumbList\",\"@id\":\"https:\/\/www.norgeat.fr\/index.php\/divers-sujets-sur-norgeat\/les-noms-des-lieux-oublies\/#breadcrumb\",\"itemListElement\":[{\"@type\":\"ListItem\",\"position\":1,\"name\":\"Accueil\",\"item\":\"https:\/\/www.norgeat.fr\/\"},{\"@type\":\"ListItem\",\"position\":2,\"name\":\"Divers\",\"item\":\"https:\/\/www.norgeat.fr\/index.php\/divers-sujets-sur-norgeat\/\"},{\"@type\":\"ListItem\",\"position\":3,\"name\":\"Les noms de lieux oubli\u00e9s\"}]},{\"@type\":\"WebSite\",\"@id\":\"https:\/\/www.norgeat.fr\/#website\",\"url\":\"https:\/\/www.norgeat.fr\/\",\"name\":\"Norgeat\",\"description\":\"Norgeat, d&#039;hier et d&#039;aujourd&#039;hui...\",\"publisher\":{\"@id\":\"https:\/\/www.norgeat.fr\/#organization\"},\"potentialAction\":[{\"@type\":\"SearchAction\",\"target\":{\"@type\":\"EntryPoint\",\"urlTemplate\":\"https:\/\/www.norgeat.fr\/?s={search_term_string}\"},\"query-input\":{\"@type\":\"PropertyValueSpecification\",\"valueRequired\":true,\"valueName\":\"search_term_string\"}}],\"inLanguage\":\"fr-FR\"},{\"@type\":\"Organization\",\"@id\":\"https:\/\/www.norgeat.fr\/#organization\",\"name\":\"Le village de Norgeat en Ari\u00e8ge\",\"url\":\"https:\/\/www.norgeat.fr\/\",\"logo\":{\"@type\":\"ImageObject\",\"inLanguage\":\"fr-FR\",\"@id\":\"https:\/\/www.norgeat.fr\/#\/schema\/logo\/image\/\",\"url\":\"https:\/\/www.norgeat.fr\/wp-content\/uploads\/2024\/12\/logo-norgeat-v.png\",\"contentUrl\":\"https:\/\/www.norgeat.fr\/wp-content\/uploads\/2024\/12\/logo-norgeat-v.png\",\"width\":4306,\"height\":1521,\"caption\":\"Le village de Norgeat en Ari\u00e8ge\"},\"image\":{\"@id\":\"https:\/\/www.norgeat.fr\/#\/schema\/logo\/image\/\"}}]}<\/script>\n<!-- \/ Yoast SEO plugin. -->","yoast_head_json":{"title":"Les noms de lieux oubli\u00e9s - Norgeat","robots":{"index":"index","follow":"follow","max-snippet":"max-snippet:-1","max-image-preview":"max-image-preview:large","max-video-preview":"max-video-preview:-1"},"canonical":"https:\/\/www.norgeat.fr\/index.php\/divers-sujets-sur-norgeat\/les-noms-des-lieux-oublies\/","og_locale":"fr_FR","og_type":"article","og_title":"Les noms de lieux oubli\u00e9s - Norgeat","og_description":"Les noms de lieux oubli\u00e9s Jadis, il y a plus de 50 ans, la vie des habitants de Norgeat s\u2019organisait en fonction des saisons. Elle \u00e9tait essentiellement rythm\u00e9e par les ...","og_url":"https:\/\/www.norgeat.fr\/index.php\/divers-sujets-sur-norgeat\/les-noms-des-lieux-oublies\/","og_site_name":"Norgeat","article_modified_time":"2025-03-13T07:56:17+00:00","og_image":[{"width":1000,"height":522,"url":"https:\/\/www.norgeat.fr\/wp-content\/uploads\/2024\/12\/avant-reseau-noms.jpg","type":"image\/jpeg"}],"twitter_card":"summary_large_image","twitter_misc":{"Dur\u00e9e de lecture estim\u00e9e":"8 minutes"},"schema":{"@context":"https:\/\/schema.org","@graph":[{"@type":"WebPage","@id":"https:\/\/www.norgeat.fr\/index.php\/divers-sujets-sur-norgeat\/les-noms-des-lieux-oublies\/","url":"https:\/\/www.norgeat.fr\/index.php\/divers-sujets-sur-norgeat\/les-noms-des-lieux-oublies\/","name":"Les noms de lieux oubli\u00e9s - Norgeat","isPartOf":{"@id":"https:\/\/www.norgeat.fr\/#website"},"primaryImageOfPage":{"@id":"https:\/\/www.norgeat.fr\/index.php\/divers-sujets-sur-norgeat\/les-noms-des-lieux-oublies\/#primaryimage"},"image":{"@id":"https:\/\/www.norgeat.fr\/index.php\/divers-sujets-sur-norgeat\/les-noms-des-lieux-oublies\/#primaryimage"},"thumbnailUrl":"https:\/\/www.norgeat.fr\/wp-content\/uploads\/2024\/12\/avant-reseau-noms.jpg","datePublished":"2024-12-06T20:22:23+00:00","dateModified":"2025-03-13T07:56:17+00:00","breadcrumb":{"@id":"https:\/\/www.norgeat.fr\/index.php\/divers-sujets-sur-norgeat\/les-noms-des-lieux-oublies\/#breadcrumb"},"inLanguage":"fr-FR","potentialAction":[{"@type":"ReadAction","target":["https:\/\/www.norgeat.fr\/index.php\/divers-sujets-sur-norgeat\/les-noms-des-lieux-oublies\/"]}]},{"@type":"ImageObject","inLanguage":"fr-FR","@id":"https:\/\/www.norgeat.fr\/index.php\/divers-sujets-sur-norgeat\/les-noms-des-lieux-oublies\/#primaryimage","url":"https:\/\/www.norgeat.fr\/wp-content\/uploads\/2024\/12\/avant-reseau-noms.jpg","contentUrl":"https:\/\/www.norgeat.fr\/wp-content\/uploads\/2024\/12\/avant-reseau-noms.jpg","width":1000,"height":522},{"@type":"BreadcrumbList","@id":"https:\/\/www.norgeat.fr\/index.php\/divers-sujets-sur-norgeat\/les-noms-des-lieux-oublies\/#breadcrumb","itemListElement":[{"@type":"ListItem","position":1,"name":"Accueil","item":"https:\/\/www.norgeat.fr\/"},{"@type":"ListItem","position":2,"name":"Divers","item":"https:\/\/www.norgeat.fr\/index.php\/divers-sujets-sur-norgeat\/"},{"@type":"ListItem","position":3,"name":"Les noms de lieux oubli\u00e9s"}]},{"@type":"WebSite","@id":"https:\/\/www.norgeat.fr\/#website","url":"https:\/\/www.norgeat.fr\/","name":"Norgeat","description":"Norgeat, d&#039;hier et d&#039;aujourd&#039;hui...","publisher":{"@id":"https:\/\/www.norgeat.fr\/#organization"},"potentialAction":[{"@type":"SearchAction","target":{"@type":"EntryPoint","urlTemplate":"https:\/\/www.norgeat.fr\/?s={search_term_string}"},"query-input":{"@type":"PropertyValueSpecification","valueRequired":true,"valueName":"search_term_string"}}],"inLanguage":"fr-FR"},{"@type":"Organization","@id":"https:\/\/www.norgeat.fr\/#organization","name":"Le village de Norgeat en Ari\u00e8ge","url":"https:\/\/www.norgeat.fr\/","logo":{"@type":"ImageObject","inLanguage":"fr-FR","@id":"https:\/\/www.norgeat.fr\/#\/schema\/logo\/image\/","url":"https:\/\/www.norgeat.fr\/wp-content\/uploads\/2024\/12\/logo-norgeat-v.png","contentUrl":"https:\/\/www.norgeat.fr\/wp-content\/uploads\/2024\/12\/logo-norgeat-v.png","width":4306,"height":1521,"caption":"Le village de Norgeat en Ari\u00e8ge"},"image":{"@id":"https:\/\/www.norgeat.fr\/#\/schema\/logo\/image\/"}}]}},"rttpg_featured_image_url":{"full":["https:\/\/www.norgeat.fr\/wp-content\/uploads\/2024\/12\/avant-reseau-noms.jpg",1000,522,false],"landscape":["https:\/\/www.norgeat.fr\/wp-content\/uploads\/2024\/12\/avant-reseau-noms.jpg",1000,522,false],"portraits":["https:\/\/www.norgeat.fr\/wp-content\/uploads\/2024\/12\/avant-reseau-noms.jpg",1000,522,false],"thumbnail":["https:\/\/www.norgeat.fr\/wp-content\/uploads\/2024\/12\/avant-reseau-noms-150x150.jpg",150,150,true],"medium":["https:\/\/www.norgeat.fr\/wp-content\/uploads\/2024\/12\/avant-reseau-noms-300x157.jpg",300,157,true],"large":["https:\/\/www.norgeat.fr\/wp-content\/uploads\/2024\/12\/avant-reseau-noms.jpg",800,418,false],"1536x1536":["https:\/\/www.norgeat.fr\/wp-content\/uploads\/2024\/12\/avant-reseau-noms.jpg",1000,522,false],"2048x2048":["https:\/\/www.norgeat.fr\/wp-content\/uploads\/2024\/12\/avant-reseau-noms.jpg",1000,522,false],"onepress-blog-small":["https:\/\/www.norgeat.fr\/wp-content\/uploads\/2024\/12\/avant-reseau-noms-300x150.jpg",300,150,true],"onepress-small":["https:\/\/www.norgeat.fr\/wp-content\/uploads\/2024\/12\/avant-reseau-noms-480x300.jpg",480,300,true],"onepress-medium":["https:\/\/www.norgeat.fr\/wp-content\/uploads\/2024\/12\/avant-reseau-noms-640x400.jpg",640,400,true]},"rttpg_author":{"display_name":"norgeat","author_link":"https:\/\/www.norgeat.fr\/index.php\/author\/norgeat\/"},"rttpg_comment":0,"rttpg_category":null,"rttpg_excerpt":"Les noms de lieux oubli\u00e9s Jadis, il y a plus de 50 ans, la vie des habitants de Norgeat s\u2019organisait en fonction des saisons. Elle \u00e9tait essentiellement rythm\u00e9e par les ...","_links":{"self":[{"href":"https:\/\/www.norgeat.fr\/index.php\/wp-json\/wp\/v2\/pages\/637","targetHints":{"allow":["GET"]}}],"collection":[{"href":"https:\/\/www.norgeat.fr\/index.php\/wp-json\/wp\/v2\/pages"}],"about":[{"href":"https:\/\/www.norgeat.fr\/index.php\/wp-json\/wp\/v2\/types\/page"}],"author":[{"embeddable":true,"href":"https:\/\/www.norgeat.fr\/index.php\/wp-json\/wp\/v2\/users\/2"}],"replies":[{"embeddable":true,"href":"https:\/\/www.norgeat.fr\/index.php\/wp-json\/wp\/v2\/comments?post=637"}],"version-history":[{"count":9,"href":"https:\/\/www.norgeat.fr\/index.php\/wp-json\/wp\/v2\/pages\/637\/revisions"}],"predecessor-version":[{"id":2614,"href":"https:\/\/www.norgeat.fr\/index.php\/wp-json\/wp\/v2\/pages\/637\/revisions\/2614"}],"up":[{"embeddable":true,"href":"https:\/\/www.norgeat.fr\/index.php\/wp-json\/wp\/v2\/pages\/410"}],"wp:featuredmedia":[{"embeddable":true,"href":"https:\/\/www.norgeat.fr\/index.php\/wp-json\/wp\/v2\/media\/654"}],"wp:attachment":[{"href":"https:\/\/www.norgeat.fr\/index.php\/wp-json\/wp\/v2\/media?parent=637"}],"curies":[{"name":"wp","href":"https:\/\/api.w.org\/{rel}","templated":true}]}}