{"id":772,"date":"2024-12-07T00:17:20","date_gmt":"2024-12-06T23:17:20","guid":{"rendered":"http:\/\/www.norgeat.fr\/?page_id=772"},"modified":"2024-12-08T21:14:07","modified_gmt":"2024-12-08T20:14:07","slug":"ecole-arquizat-liste-des-instituteurs","status":"publish","type":"page","link":"https:\/\/www.norgeat.fr\/index.php\/ecoles-de-miglos-arquizat-norgeat-et-norrat\/ecole-arquizat-liste-des-instituteurs\/","title":{"rendered":"\u00c9cole Arquizat- Liste des instituteurs"},"content":{"rendered":"\n<h2 class=\"wp-block-heading\">\u00c9cole Arquizat- Liste des instituteurs<\/h2>\n\n\n\n<figure class=\"wp-block-table\"><table class=\"has-fixed-layout\"><tbody><tr><td><strong>Ann\u00e9e<\/strong><\/td><td><strong>Nom &#8211; Pr\u00e9nom<\/strong><\/td><td><strong>Observations<\/strong><\/td><td><strong>Maire<\/strong><\/td><\/tr><tr><td><strong>1794<\/strong><\/td><td><strong>&nbsp;FAUR\u00c9 Raymond<br><\/strong><\/td><td>Elu par les citoyens assembl\u00e9s<br>au Temple de la Raison (\u00c9glise)<br>le 1er Niv\u00f4se An III<strong><br><\/strong><\/td><td><strong>GARDES Pierre<br><\/strong><\/td><\/tr><tr><td><strong>1833<\/strong><\/td><td><strong>GUILHOT Jacques<br><\/strong><\/td><td>Chaque commune de plus<br>de 800 habitants doit avoir<br>une \u00e9cole publique de gar\u00e7ons<br>(Loi Guizot).<br>Guilhot J. inaugure celle de Miglos<strong><br><\/strong><\/td><td><strong>GARDES Ambroise<br><\/strong><\/td><\/tr><tr><td><strong>1841<\/strong><\/td><td><strong>DENJEAN Jean<\/strong><\/td><td>&nbsp;<\/td><td><strong>BACOU Jacques<br><\/strong><\/td><\/tr><tr><td><strong>1851<\/strong><\/td><td><strong>CARBONNE Alexandre<\/strong><\/td><td>Du 25\/01\/1851 au 30\/04\/1855<\/td><td><strong>BACOU Jacques<br><\/strong><\/td><\/tr><tr><td><strong>&nbsp;1855<\/strong><\/td><td><strong>&nbsp;PINAT Adrien<\/strong><\/td><td>Du 27\/08\/1855 au 22\/09\/1857<strong><br><\/strong><\/td><td><strong>BACOU Jacques<\/strong><\/td><\/tr><tr><td><strong>1856<\/strong><\/td><td><strong>PRAT Euphrasie<\/strong><\/td><td>Du 01\/08\/1856 au 31\/10\/1864<br>(1er s\u00e9jour \u00e0 Miglos)<strong><br><\/strong><\/td><td><strong>BACOU Jacques<\/strong><\/td><\/tr><tr><td><strong>1857<\/strong><\/td><td><strong>VIDAL (M.)<\/strong><\/td><td>D\u2019octobre 1857 \u00e0 la cr\u00e9ation<br>de l\u2019\u00e9cole de filles d\u2019Arquizat<strong><br><\/strong><\/td><td><strong>BACOU Jacques<\/strong><\/td><\/tr><tr><td><strong>1858<\/strong><\/td><td><strong>CHAUSSON Jean<br>PRAT Euphrasie<\/strong><\/td><td>Ouverture \u00e9cole de filles<br>le 01\/10\/1858.<br>Cr\u00e9ation d\u2019un poste double<\/td><td><strong>BACOU Jacques<br><\/strong><\/td><\/tr><tr><td><strong>1863<\/strong><\/td><td><strong>PIQUEMAL Louis<br>PRAT Euphrasie<\/strong><\/td><td>Piquemal : du 15\/10\/1861 au 30\/03\/1865<strong><br><\/strong><\/td><td><strong>BACOU Jacques<\/strong><\/td><\/tr><tr><td><strong>1864<\/strong><\/td><td><strong>G\u00c9RAUD (Melle\u2026)<br>PIQUEMAL Louis<\/strong><\/td><td>G\u00e9raud : Installation le 15\/11\/1864 &#8211; (Remplace Prat Euphrasie)<strong><br><\/strong><\/td><td><strong>BACOU Jacques<br><\/strong><\/td><\/tr><tr><td><strong>1865<\/strong><\/td><td><strong>PIQUEMAL Louis<br>SENTENAC Jules<br>G\u00c9RAUD (Melle\u2026)<br><\/strong><\/td><td>Sentenac remplace Piquemal \u00e0 compter du 27\/03\/1865; il restera jusqu&rsquo;au 01\/10\/1865<br>G\u00e9raud quitte Arquizat en Ao\u00fbt 1865<strong><br><\/strong><\/td><td><strong>BACOU Jacques<br><\/strong><\/td><\/tr><tr><td><strong>1865<\/strong><\/td><td><strong>N\u00c8PLES Jean No\u00ebl<br>N\u00c8PLES Ad\u00e9la\u00efde<br><\/strong> (n\u00e9e LANNES)<\/td><td>Ce couple restera en poste du 03\/10\/1865 au 30\/04\/1868<\/td><td><strong>BACOU Jacques<br><\/strong><\/td><\/tr><tr><td><strong>1868<\/strong><\/td><td><strong>PRAT Fr\u00e9d\u00e9ric<br>PRAT Euphrasie<\/strong><\/td><td>Fr\u00e8re et s\u0153ur,<br>arriv\u00e9s en Mai 1868<br>Euphrasie revient \u00e0 Miglos jusqu\u2019en 1881<\/td><td><strong>BACOU Jacques<br><\/strong><\/td><\/tr><tr><td><strong>1870<\/strong><\/td><td><strong>NOUGU\u00c9 Bernard<br>PRAT Euphrasie<br><\/strong><\/td><td>Du 06\/10\/1870 au 06\/02\/1876<br>(Remplace Prat Fr\u00e9d\u00e9ric)<strong><br><\/strong><\/td><td><strong>GARDES Jean<br><\/strong><\/td><\/tr><tr><td><strong>1876<\/strong><\/td><td><strong>MARIS Fran\u00e7ois<br>PRAT Euphrasie<br><\/strong><\/td><td>Maris Fran\u00e7ois :<br>du 07\/02\/1876 au 30\/09\/1880<strong><br><\/strong><\/td><td><strong>BACOU Jean-Marie<br><\/strong><\/td><\/tr><tr><td><strong>1880<\/strong><\/td><td><strong>ROUAN Alexis Urbain<br>PRAT Euphrasie<br><\/strong><\/td><td>Rouan Alexis Urbain:<br>Du 01\/10\/1880 au 31\/03\/1882<\/td><td><strong>BACOU Jean-Marie<br><\/strong><\/td><\/tr><tr><td><strong>1881<\/strong><\/td><td><strong>ROUAN Alexis Urbain<br>ROUAN Jeanne <\/strong>(n\u00e9e SUBRA)<strong><br><\/strong><\/td><td>Rouan Jeanne<br>rejoint son mari le 01\/10\/1881<br>(arriv\u00e9 \u00e0 la rentr\u00e9e pr\u00e9c\u00e9dente)<br>Remplace Prat Euphrasie<strong><br><\/strong><\/td><td><strong>PUJOL Joseph<br><\/strong><\/td><\/tr><tr><td><strong>1882<\/strong><\/td><td><strong>FERRUS Raymond<br>FERRUS Laura <\/strong>(n\u00e9e DENOI)<strong><br><\/strong><\/td><td>Du 01\/04\/1882 au 30\/04\/1886<br>Raymond nomm\u00e9 secr\u00e9taire de mairie le 11 Ao\u00fbt 1884<\/td><td>&nbsp;<strong>PUJOL Joseph<\/strong><\/td><\/tr><tr><td><strong>1886<\/strong><\/td><td><strong>DURAN Bruno<br>DURAN Marie F\u00e9licie<\/strong><\/td><td>Du 01\/05\/1886 au 31\/10\/1889.<br>Ont \u00e9t\u00e9 en poste \u00e0 Norgeat jusqu\u2019en fin 1885<\/td><td><strong>BACOU Jean-Marie<\/strong><\/td><\/tr><tr><td><strong>1889<\/strong><\/td><td><strong>ASTRI\u00c9 Fran\u00e7ois J\u00e9r\u00f4me<br><br>ASTRI\u00c9 Adeline<br><\/strong>(n\u00e9e BLAZY)<\/td><td>Du 05\/11\/1889 au 18\/05\/1892<br>(D\u00e9c\u00e8dera \u00e0 Norgeat)<br><br>Du 05\/11\/1889 au 15\/11\/1895<\/td><td><strong>PUJOL<br>Adjoint faisant<br>fonction de maire<\/strong><\/td><\/tr><tr><td><strong>1892<\/strong><\/td><td><strong>MOR\u00c8RE Guillaume<br>ASTRI\u00c9 Adeline<\/strong><\/td><td>Du 01\/06\/1892 au 31\/12\/1892<br>Remplace Astri\u00e9 Fran\u00e7ois<\/td><td><strong>TEULI\u00c8RE Lucien<\/strong><\/td><\/tr><tr><td><strong>1893<\/strong><\/td><td><strong>MARFAING Bernard<br>ASTRI\u00c9 Adeline<\/strong><\/td><td>Du 01\/01\/1893 au 15\/11\/1895<\/td><td><strong>TEULI\u00c8RE Lucien<\/strong><\/td><\/tr><tr><td><strong>1895<\/strong><\/td><td><strong>CARBONNE Augustin<br>CARBONNE Clarisse (<\/strong>n\u00e9e NIGOUL)<strong><br><\/strong><\/td><td>Du 16\/11\/1895 au 30\/09\/1908<\/td><td>&nbsp;<strong>TEULI\u00c8RE Lucien<\/strong><\/td><\/tr><tr><td><strong>1908<\/strong><\/td><td><strong>AYBRAM Joseph<br>AYBRAM C\u00e9lina (soeur de Joseph)<br><\/strong><\/td><td>Du 01\/10\/1908 au 30\/09\/1910 pour C\u00e9lina&nbsp; &amp; 30\/09\/1911 pour Joseph<strong><br><\/strong><\/td><td><strong>MONTAUD<br>Constantin Joseph Marie<\/strong><\/td><\/tr><tr><td><strong>1910<\/strong><\/td><td><strong>ROUSSE Antoinette<\/strong><\/td><td>Arriv\u00e9e \u00e0 la rentr\u00e9e 1910.<br>&nbsp;En 1921, \u00e0 la suppression<br>de l\u2019\u00e9cole de filles, prend en charge<br>l\u2019\u00e9cole mixte d\u2019Arquizat<\/td><td><strong>MONTAUD<br>Constantin Joseph Marie<\/strong><\/td><\/tr><tr><td><strong>1911<\/strong><\/td><td><strong>DESTREM No\u00ebl<\/strong><\/td><td>D&rsquo;Octobre 1911 \u00e0 Septembre 1914&nbsp; ou&nbsp; Janvier 1919<em><br>(Cf. texte sur cet enseignant)<\/em><strong><br><\/strong><\/td><td><strong>MONTAUD<br>Constantin Joseph Marie<\/strong><\/td><\/tr><tr><td><strong>1930<\/strong><\/td><td><strong>KANONY Joseph<\/strong><\/td><td>Remplace Melle Rousse<\/td><td><strong>PUJOL Honor\u00e9<\/strong><\/td><\/tr><tr><td><strong>1936<\/strong><\/td><td rowspan=\"2\"><strong>MONIER Henriette<br><\/strong>(n\u00e9e BLAZY)<\/td><td>A la rentr\u00e9e 1936, arrive de Norrat,<br>o\u00f9 elle \u00e9tait rest\u00e9e 4 ans.<\/td><td><strong>FAUR\u00c9 Joseph<\/strong><\/td><\/tr><tr><td><strong>1964<\/strong><\/td><td>Mme Monier (remari\u00e9e Bernadac)<br>terminera sa carri\u00e8re professionnelle<br>\u00e0 Arquizat, l\u2019\u00e9t\u00e9 1964<\/td><td><strong>BOISSET Hubert<\/strong><\/td><\/tr><tr><td><strong>1964<\/strong><\/td><td><strong>LAFFITTE Alice<\/strong><\/td><td>&nbsp;<\/td><td><strong>BOISSET Hubert<\/strong><\/td><\/tr><tr><td><strong>1965<\/strong><\/td><td><strong>BERNARD Odette<\/strong><\/td><td>&nbsp;<\/td><td><strong>FAUR\u00c9 Jean<\/strong><\/td><\/tr><tr><td><strong>1966<\/strong><\/td><td><strong>SALOMON Jean-Louis<\/strong><\/td><td>&nbsp;<\/td><td><strong>FAUR\u00c9 Jean<\/strong><\/td><\/tr><tr><td><strong>1967<\/strong><\/td><td><strong>CLAUSTRES Rose-Marie<\/strong><\/td><td>&nbsp;<\/td><td><strong>FAUR\u00c9 Jean<\/strong><\/td><\/tr><tr><td><strong>1969<\/strong><\/td><td><strong>CIVERA Estrella (n\u00e9e Archela)<\/strong><\/td><td>&nbsp;<\/td><td>&nbsp;<strong>FAUR\u00c9 Jean<\/strong><\/td><\/tr><tr><td><strong>1969<\/strong><\/td><td><strong>MORANDEIRA Anne-Marie<\/strong><\/td><td>Remplacement \u2013 Novembre 1969<\/td><td><strong>FAUR\u00c9 Jean<\/strong><\/td><\/tr><tr><td><strong>1969<\/strong><\/td><td><strong>ROM\u00c9RO Michelle<\/strong><\/td><td>Remplacement \u2013 D\u00e9cembre 1969<\/td><td>&nbsp;<strong>FAUR\u00c9 Jean<\/strong><\/td><\/tr><tr><td><strong>1970<\/strong><\/td><td rowspan=\"2\"><strong>CARNEIRO Esther<br><\/strong>(n\u00e9e Blasco)<\/td><td>Arriv\u00e9e \u00e0 la rentr\u00e9e de Septembre 1970<\/td><td>&nbsp;<strong>FAUR\u00c9 Jean<\/strong><\/td><\/tr><tr><td><strong>1971<\/strong><\/td><td>Fermera d\u00e9finitivement<br>l\u2019\u00c9cole Communale de<br>Miglos-Arquizat le 30 Juin 1971<strong>.<\/strong><\/td><td>&nbsp;<strong>FAUR\u00c9 Jean<\/strong><\/td><\/tr><\/tbody><\/table><\/figure>\n","protected":false},"excerpt":{"rendered":"<p>\u00c9cole Arquizat- Liste des instituteurs Ann\u00e9e Nom &#8211; Pr\u00e9nom Observations Maire 1794 &nbsp;FAUR\u00c9 Raymond Elu par les citoyens assembl\u00e9sau Temple de la Raison (\u00c9glise)le 1er Niv\u00f4se An III GARDES Pierre &#8230;<\/p>\n","protected":false},"author":2,"featured_media":361,"parent":273,"menu_order":5,"comment_status":"closed","ping_status":"closed","template":"","meta":{"footnotes":""},"class_list":["post-772","page","type-page","status-publish","has-post-thumbnail","hentry"],"yoast_head":"<!-- This site is optimized with the Yoast SEO plugin v24.0 - https:\/\/yoast.com\/wordpress\/plugins\/seo\/ -->\n<title>\u00c9cole Arquizat- Liste des instituteurs - Norgeat<\/title>\n<meta name=\"robots\" content=\"index, follow, max-snippet:-1, max-image-preview:large, max-video-preview:-1\" \/>\n<link rel=\"canonical\" href=\"https:\/\/www.norgeat.fr\/index.php\/ecoles-de-miglos-arquizat-norgeat-et-norrat\/ecole-arquizat-liste-des-instituteurs\/\" \/>\n<meta property=\"og:locale\" content=\"fr_FR\" \/>\n<meta property=\"og:type\" content=\"article\" \/>\n<meta property=\"og:title\" content=\"\u00c9cole Arquizat- Liste des instituteurs - Norgeat\" \/>\n<meta property=\"og:description\" content=\"\u00c9cole Arquizat- Liste des instituteurs Ann\u00e9e Nom &#8211; Pr\u00e9nom Observations Maire 1794 &nbsp;FAUR\u00c9 Raymond Elu par les citoyens assembl\u00e9sau Temple de la Raison (\u00c9glise)le 1er Niv\u00f4se An III GARDES Pierre ...\" \/>\n<meta property=\"og:url\" content=\"https:\/\/www.norgeat.fr\/index.php\/ecoles-de-miglos-arquizat-norgeat-et-norrat\/ecole-arquizat-liste-des-instituteurs\/\" \/>\n<meta property=\"og:site_name\" content=\"Norgeat\" \/>\n<meta property=\"article:modified_time\" content=\"2024-12-08T20:14:07+00:00\" \/>\n<meta property=\"og:image\" content=\"https:\/\/www.norgeat.fr\/wp-content\/uploads\/2024\/12\/avant-reseau-liste-instit.jpg\" \/>\n\t<meta property=\"og:image:width\" content=\"1000\" \/>\n\t<meta property=\"og:image:height\" content=\"522\" \/>\n\t<meta property=\"og:image:type\" content=\"image\/jpeg\" \/>\n<meta name=\"twitter:card\" content=\"summary_large_image\" \/>\n<meta name=\"twitter:label1\" content=\"Dur\u00e9e de lecture estim\u00e9e\" \/>\n\t<meta name=\"twitter:data1\" content=\"4 minutes\" \/>\n<script type=\"application\/ld+json\" class=\"yoast-schema-graph\">{\"@context\":\"https:\/\/schema.org\",\"@graph\":[{\"@type\":\"WebPage\",\"@id\":\"https:\/\/www.norgeat.fr\/index.php\/ecoles-de-miglos-arquizat-norgeat-et-norrat\/ecole-arquizat-liste-des-instituteurs\/\",\"url\":\"https:\/\/www.norgeat.fr\/index.php\/ecoles-de-miglos-arquizat-norgeat-et-norrat\/ecole-arquizat-liste-des-instituteurs\/\",\"name\":\"\u00c9cole Arquizat- Liste des instituteurs - Norgeat\",\"isPartOf\":{\"@id\":\"https:\/\/www.norgeat.fr\/#website\"},\"primaryImageOfPage\":{\"@id\":\"https:\/\/www.norgeat.fr\/index.php\/ecoles-de-miglos-arquizat-norgeat-et-norrat\/ecole-arquizat-liste-des-instituteurs\/#primaryimage\"},\"image\":{\"@id\":\"https:\/\/www.norgeat.fr\/index.php\/ecoles-de-miglos-arquizat-norgeat-et-norrat\/ecole-arquizat-liste-des-instituteurs\/#primaryimage\"},\"thumbnailUrl\":\"https:\/\/www.norgeat.fr\/wp-content\/uploads\/2024\/12\/avant-reseau-liste-instit.jpg\",\"datePublished\":\"2024-12-06T23:17:20+00:00\",\"dateModified\":\"2024-12-08T20:14:07+00:00\",\"breadcrumb\":{\"@id\":\"https:\/\/www.norgeat.fr\/index.php\/ecoles-de-miglos-arquizat-norgeat-et-norrat\/ecole-arquizat-liste-des-instituteurs\/#breadcrumb\"},\"inLanguage\":\"fr-FR\",\"potentialAction\":[{\"@type\":\"ReadAction\",\"target\":[\"https:\/\/www.norgeat.fr\/index.php\/ecoles-de-miglos-arquizat-norgeat-et-norrat\/ecole-arquizat-liste-des-instituteurs\/\"]}]},{\"@type\":\"ImageObject\",\"inLanguage\":\"fr-FR\",\"@id\":\"https:\/\/www.norgeat.fr\/index.php\/ecoles-de-miglos-arquizat-norgeat-et-norrat\/ecole-arquizat-liste-des-instituteurs\/#primaryimage\",\"url\":\"https:\/\/www.norgeat.fr\/wp-content\/uploads\/2024\/12\/avant-reseau-liste-instit.jpg\",\"contentUrl\":\"https:\/\/www.norgeat.fr\/wp-content\/uploads\/2024\/12\/avant-reseau-liste-instit.jpg\",\"width\":1000,\"height\":522},{\"@type\":\"BreadcrumbList\",\"@id\":\"https:\/\/www.norgeat.fr\/index.php\/ecoles-de-miglos-arquizat-norgeat-et-norrat\/ecole-arquizat-liste-des-instituteurs\/#breadcrumb\",\"itemListElement\":[{\"@type\":\"ListItem\",\"position\":1,\"name\":\"Accueil\",\"item\":\"https:\/\/www.norgeat.fr\/\"},{\"@type\":\"ListItem\",\"position\":2,\"name\":\"Les \u00e9coles de Miglos\",\"item\":\"https:\/\/www.norgeat.fr\/index.php\/ecoles-de-miglos-arquizat-norgeat-et-norrat\/\"},{\"@type\":\"ListItem\",\"position\":3,\"name\":\"\u00c9cole Arquizat- Liste des instituteurs\"}]},{\"@type\":\"WebSite\",\"@id\":\"https:\/\/www.norgeat.fr\/#website\",\"url\":\"https:\/\/www.norgeat.fr\/\",\"name\":\"Norgeat\",\"description\":\"Norgeat, d&#039;hier et d&#039;aujourd&#039;hui...\",\"publisher\":{\"@id\":\"https:\/\/www.norgeat.fr\/#organization\"},\"potentialAction\":[{\"@type\":\"SearchAction\",\"target\":{\"@type\":\"EntryPoint\",\"urlTemplate\":\"https:\/\/www.norgeat.fr\/?s={search_term_string}\"},\"query-input\":{\"@type\":\"PropertyValueSpecification\",\"valueRequired\":true,\"valueName\":\"search_term_string\"}}],\"inLanguage\":\"fr-FR\"},{\"@type\":\"Organization\",\"@id\":\"https:\/\/www.norgeat.fr\/#organization\",\"name\":\"Le village de Norgeat en Ari\u00e8ge\",\"url\":\"https:\/\/www.norgeat.fr\/\",\"logo\":{\"@type\":\"ImageObject\",\"inLanguage\":\"fr-FR\",\"@id\":\"https:\/\/www.norgeat.fr\/#\/schema\/logo\/image\/\",\"url\":\"https:\/\/www.norgeat.fr\/wp-content\/uploads\/2024\/12\/logo-norgeat-v.png\",\"contentUrl\":\"https:\/\/www.norgeat.fr\/wp-content\/uploads\/2024\/12\/logo-norgeat-v.png\",\"width\":4306,\"height\":1521,\"caption\":\"Le village de Norgeat en Ari\u00e8ge\"},\"image\":{\"@id\":\"https:\/\/www.norgeat.fr\/#\/schema\/logo\/image\/\"}}]}<\/script>\n<!-- \/ Yoast SEO plugin. -->","yoast_head_json":{"title":"\u00c9cole Arquizat- Liste des instituteurs - Norgeat","robots":{"index":"index","follow":"follow","max-snippet":"max-snippet:-1","max-image-preview":"max-image-preview:large","max-video-preview":"max-video-preview:-1"},"canonical":"https:\/\/www.norgeat.fr\/index.php\/ecoles-de-miglos-arquizat-norgeat-et-norrat\/ecole-arquizat-liste-des-instituteurs\/","og_locale":"fr_FR","og_type":"article","og_title":"\u00c9cole Arquizat- Liste des instituteurs - Norgeat","og_description":"\u00c9cole Arquizat- Liste des instituteurs Ann\u00e9e Nom &#8211; Pr\u00e9nom Observations Maire 1794 &nbsp;FAUR\u00c9 Raymond Elu par les citoyens assembl\u00e9sau Temple de la Raison (\u00c9glise)le 1er Niv\u00f4se An III GARDES Pierre ...","og_url":"https:\/\/www.norgeat.fr\/index.php\/ecoles-de-miglos-arquizat-norgeat-et-norrat\/ecole-arquizat-liste-des-instituteurs\/","og_site_name":"Norgeat","article_modified_time":"2024-12-08T20:14:07+00:00","og_image":[{"width":1000,"height":522,"url":"https:\/\/www.norgeat.fr\/wp-content\/uploads\/2024\/12\/avant-reseau-liste-instit.jpg","type":"image\/jpeg"}],"twitter_card":"summary_large_image","twitter_misc":{"Dur\u00e9e de lecture estim\u00e9e":"4 minutes"},"schema":{"@context":"https:\/\/schema.org","@graph":[{"@type":"WebPage","@id":"https:\/\/www.norgeat.fr\/index.php\/ecoles-de-miglos-arquizat-norgeat-et-norrat\/ecole-arquizat-liste-des-instituteurs\/","url":"https:\/\/www.norgeat.fr\/index.php\/ecoles-de-miglos-arquizat-norgeat-et-norrat\/ecole-arquizat-liste-des-instituteurs\/","name":"\u00c9cole Arquizat- Liste des instituteurs - Norgeat","isPartOf":{"@id":"https:\/\/www.norgeat.fr\/#website"},"primaryImageOfPage":{"@id":"https:\/\/www.norgeat.fr\/index.php\/ecoles-de-miglos-arquizat-norgeat-et-norrat\/ecole-arquizat-liste-des-instituteurs\/#primaryimage"},"image":{"@id":"https:\/\/www.norgeat.fr\/index.php\/ecoles-de-miglos-arquizat-norgeat-et-norrat\/ecole-arquizat-liste-des-instituteurs\/#primaryimage"},"thumbnailUrl":"https:\/\/www.norgeat.fr\/wp-content\/uploads\/2024\/12\/avant-reseau-liste-instit.jpg","datePublished":"2024-12-06T23:17:20+00:00","dateModified":"2024-12-08T20:14:07+00:00","breadcrumb":{"@id":"https:\/\/www.norgeat.fr\/index.php\/ecoles-de-miglos-arquizat-norgeat-et-norrat\/ecole-arquizat-liste-des-instituteurs\/#breadcrumb"},"inLanguage":"fr-FR","potentialAction":[{"@type":"ReadAction","target":["https:\/\/www.norgeat.fr\/index.php\/ecoles-de-miglos-arquizat-norgeat-et-norrat\/ecole-arquizat-liste-des-instituteurs\/"]}]},{"@type":"ImageObject","inLanguage":"fr-FR","@id":"https:\/\/www.norgeat.fr\/index.php\/ecoles-de-miglos-arquizat-norgeat-et-norrat\/ecole-arquizat-liste-des-instituteurs\/#primaryimage","url":"https:\/\/www.norgeat.fr\/wp-content\/uploads\/2024\/12\/avant-reseau-liste-instit.jpg","contentUrl":"https:\/\/www.norgeat.fr\/wp-content\/uploads\/2024\/12\/avant-reseau-liste-instit.jpg","width":1000,"height":522},{"@type":"BreadcrumbList","@id":"https:\/\/www.norgeat.fr\/index.php\/ecoles-de-miglos-arquizat-norgeat-et-norrat\/ecole-arquizat-liste-des-instituteurs\/#breadcrumb","itemListElement":[{"@type":"ListItem","position":1,"name":"Accueil","item":"https:\/\/www.norgeat.fr\/"},{"@type":"ListItem","position":2,"name":"Les \u00e9coles de Miglos","item":"https:\/\/www.norgeat.fr\/index.php\/ecoles-de-miglos-arquizat-norgeat-et-norrat\/"},{"@type":"ListItem","position":3,"name":"\u00c9cole Arquizat- Liste des instituteurs"}]},{"@type":"WebSite","@id":"https:\/\/www.norgeat.fr\/#website","url":"https:\/\/www.norgeat.fr\/","name":"Norgeat","description":"Norgeat, d&#039;hier et d&#039;aujourd&#039;hui...","publisher":{"@id":"https:\/\/www.norgeat.fr\/#organization"},"potentialAction":[{"@type":"SearchAction","target":{"@type":"EntryPoint","urlTemplate":"https:\/\/www.norgeat.fr\/?s={search_term_string}"},"query-input":{"@type":"PropertyValueSpecification","valueRequired":true,"valueName":"search_term_string"}}],"inLanguage":"fr-FR"},{"@type":"Organization","@id":"https:\/\/www.norgeat.fr\/#organization","name":"Le village de Norgeat en Ari\u00e8ge","url":"https:\/\/www.norgeat.fr\/","logo":{"@type":"ImageObject","inLanguage":"fr-FR","@id":"https:\/\/www.norgeat.fr\/#\/schema\/logo\/image\/","url":"https:\/\/www.norgeat.fr\/wp-content\/uploads\/2024\/12\/logo-norgeat-v.png","contentUrl":"https:\/\/www.norgeat.fr\/wp-content\/uploads\/2024\/12\/logo-norgeat-v.png","width":4306,"height":1521,"caption":"Le village de Norgeat en Ari\u00e8ge"},"image":{"@id":"https:\/\/www.norgeat.fr\/#\/schema\/logo\/image\/"}}]}},"rttpg_featured_image_url":{"full":["https:\/\/www.norgeat.fr\/wp-content\/uploads\/2024\/12\/avant-reseau-liste-instit.jpg",1000,522,false],"landscape":["https:\/\/www.norgeat.fr\/wp-content\/uploads\/2024\/12\/avant-reseau-liste-instit.jpg",1000,522,false],"portraits":["https:\/\/www.norgeat.fr\/wp-content\/uploads\/2024\/12\/avant-reseau-liste-instit.jpg",1000,522,false],"thumbnail":["https:\/\/www.norgeat.fr\/wp-content\/uploads\/2024\/12\/avant-reseau-liste-instit-150x150.jpg",150,150,true],"medium":["https:\/\/www.norgeat.fr\/wp-content\/uploads\/2024\/12\/avant-reseau-liste-instit-300x157.jpg",300,157,true],"large":["https:\/\/www.norgeat.fr\/wp-content\/uploads\/2024\/12\/avant-reseau-liste-instit.jpg",800,418,false],"1536x1536":["https:\/\/www.norgeat.fr\/wp-content\/uploads\/2024\/12\/avant-reseau-liste-instit.jpg",1000,522,false],"2048x2048":["https:\/\/www.norgeat.fr\/wp-content\/uploads\/2024\/12\/avant-reseau-liste-instit.jpg",1000,522,false],"onepress-blog-small":["https:\/\/www.norgeat.fr\/wp-content\/uploads\/2024\/12\/avant-reseau-liste-instit-300x150.jpg",300,150,true],"onepress-small":["https:\/\/www.norgeat.fr\/wp-content\/uploads\/2024\/12\/avant-reseau-liste-instit-480x300.jpg",480,300,true],"onepress-medium":["https:\/\/www.norgeat.fr\/wp-content\/uploads\/2024\/12\/avant-reseau-liste-instit-640x400.jpg",640,400,true]},"rttpg_author":{"display_name":"norgeat","author_link":"https:\/\/www.norgeat.fr\/index.php\/author\/norgeat\/"},"rttpg_comment":0,"rttpg_category":null,"rttpg_excerpt":"\u00c9cole Arquizat- Liste des instituteurs Ann\u00e9e Nom &#8211; Pr\u00e9nom Observations Maire 1794 &nbsp;FAUR\u00c9 Raymond Elu par les citoyens assembl\u00e9sau Temple de la Raison (\u00c9glise)le 1er Niv\u00f4se An III GARDES Pierre ...","_links":{"self":[{"href":"https:\/\/www.norgeat.fr\/index.php\/wp-json\/wp\/v2\/pages\/772","targetHints":{"allow":["GET"]}}],"collection":[{"href":"https:\/\/www.norgeat.fr\/index.php\/wp-json\/wp\/v2\/pages"}],"about":[{"href":"https:\/\/www.norgeat.fr\/index.php\/wp-json\/wp\/v2\/types\/page"}],"author":[{"embeddable":true,"href":"https:\/\/www.norgeat.fr\/index.php\/wp-json\/wp\/v2\/users\/2"}],"replies":[{"embeddable":true,"href":"https:\/\/www.norgeat.fr\/index.php\/wp-json\/wp\/v2\/comments?post=772"}],"version-history":[{"count":1,"href":"https:\/\/www.norgeat.fr\/index.php\/wp-json\/wp\/v2\/pages\/772\/revisions"}],"predecessor-version":[{"id":773,"href":"https:\/\/www.norgeat.fr\/index.php\/wp-json\/wp\/v2\/pages\/772\/revisions\/773"}],"up":[{"embeddable":true,"href":"https:\/\/www.norgeat.fr\/index.php\/wp-json\/wp\/v2\/pages\/273"}],"wp:featuredmedia":[{"embeddable":true,"href":"https:\/\/www.norgeat.fr\/index.php\/wp-json\/wp\/v2\/media\/361"}],"wp:attachment":[{"href":"https:\/\/www.norgeat.fr\/index.php\/wp-json\/wp\/v2\/media?parent=772"}],"curies":[{"name":"wp","href":"https:\/\/api.w.org\/{rel}","templated":true}]}}